{"id":84,"date":"2017-09-23T14:26:45","date_gmt":"2017-09-23T14:26:45","guid":{"rendered":"http:\/\/desmullerij.nl\/?page_id=84"},"modified":"2025-01-14T17:10:31","modified_gmt":"2025-01-14T17:10:31","slug":"snacks","status":"publish","type":"page","link":"https:\/\/desmullerij.nl\/?page_id=84","title":{"rendered":"Snacks"},"content":{"rendered":"<p><em><strong>Onze Snacks:<\/strong><\/em><\/p>\n<p>Knakworst<br \/>\nFrikandel<br \/>\nFrikandel speciaal<br \/>\nFrikandel sat\u00e9saus<br \/>\nKroket<br \/>\nGoulashkroket<br \/>\nSat\u00e9kroket<br \/>\nKwekkeboomkroket<br \/>\nKaassouffl\u00e9<br \/>\nBamischijf<br \/>\nNasischijf<br \/>\nVleesboutje<br \/>\nVisstick<br \/>\nHamburger<br \/>\nKipkorn<br \/>\nViandel<br \/>\nGehaktbal<br \/>\nBerenklauw<br \/>\nMexicano<br \/>\nSitostick<br \/>\nKipnuggets<br \/>\nKipfingers<br \/>\nSat\u00e9rol<br \/>\nSjaslik<br \/>\nPortie sat\u00e9<br \/>\nSchnitzel<br \/>\nHalve haan<br \/>\nBoerenbrok<br \/>\nShoarmarol<br \/>\nVlampijp<br \/>\nCrizly<br \/>\nBelgische sat\u00e9<br \/>\nLoempia<br \/>\nSmulrol<br \/>\nChickenwrap<br \/>\nBitterballen<br \/>\nChicken strips<br \/>\nChicken wings<br \/>\nMini Loempia&#8217;s (Vegetarisch)<\/p>\n","protected":false},"excerpt":{"rendered":"<p>Onze Snacks: Knakworst Frikandel Frikandel speciaal Frikandel sat\u00e9saus Kroket Goulashkroket Sat\u00e9kroket Kwekkeboomkroket Kaassouffl\u00e9 Bamischijf Nasischijf Vleesboutje Visstick Hamburger Kipkorn Viandel Gehaktbal Berenklauw Mexicano Sitostick Kipnuggets Kipfingers Sat\u00e9rol Sjaslik Portie sat\u00e9 Schnitzel Halve haan Boerenbrok Shoarmarol Vlampijp Crizly Belgische sat\u00e9 Loempia Smulrol Chickenwrap Bitterballen Chicken strips Chicken wings Mini Loempia&#8217;s (Vegetarisch)<\/p>\n","protected":false},"author":1,"featured_media":0,"parent":0,"menu_order":0,"comment_status":"closed","ping_status":"closed","template":"","meta":{"footnotes":""},"class_list":["post-84","page","type-page","status-publish","hentry"],"_links":{"self":[{"href":"https:\/\/desmullerij.nl\/index.php?rest_route=\/wp\/v2\/pages\/84","targetHints":{"allow":["GET"]}}],"collection":[{"href":"https:\/\/desmullerij.nl\/index.php?rest_route=\/wp\/v2\/pages"}],"about":[{"href":"https:\/\/desmullerij.nl\/index.php?rest_route=\/wp\/v2\/types\/page"}],"author":[{"embeddable":true,"href":"https:\/\/desmullerij.nl\/index.php?rest_route=\/wp\/v2\/users\/1"}],"replies":[{"embeddable":true,"href":"https:\/\/desmullerij.nl\/index.php?rest_route=%2Fwp%2Fv2%2Fcomments&post=84"}],"version-history":[{"count":6,"href":"https:\/\/desmullerij.nl\/index.php?rest_route=\/wp\/v2\/pages\/84\/revisions"}],"predecessor-version":[{"id":247,"href":"https:\/\/desmullerij.nl\/index.php?rest_route=\/wp\/v2\/pages\/84\/revisions\/247"}],"wp:attachment":[{"href":"https:\/\/desmullerij.nl\/index.php?rest_route=%2Fwp%2Fv2%2Fmedia&parent=84"}],"curies":[{"name":"wp","href":"https:\/\/api.w.org\/{rel}","templated":true}]}}